--------- beginning of /dev/log/main
D/HtcProjectService( 1018): call stop service
D/HtcProjectService( 1018): call destroy --------- beginning of /dev/log/system
V/NotificationService( 278): Charging...
D/BatteryService( 278): UEvent updateBatteryStats
D/HtcPowerSaver( 278): Recived battery changed intent.
D/UsbnetService( 278): BroadcastReceiver::onReceive+
D/UsbnetService( 278): onReceive BATTERY_CHANGED
D/UsbnetService( 278): --> pluggedType = 2, mPluggedType = 0, mScreenOff = false
D/UsbnetService( 278): BroadcastReceiver::onReceive-
D/HtcPowerSaver( 278): Checking...
I/HtcPowerSaver( 278): >> updateStatus
D/WifiService( 278): ACTION_BATTERY_CHANGED pluggedType: 2
D/NotificationService( 278): mIntentReceiver() Intent.ACTION_BATTERY_CHANGED
D/PowerManagerService( 278): runHtcPowerSaverCheck ======================================
D/StatusBar.BatteryController( 491): updateBattery level=24 icon=17302788 status=2
D/PowerUI ( 491): closing low battery warning: level=24
D/PowerUI ( 491): plugged = true, health = 2, mBatteryLevel = 24, mPluggedBatteryLevel = 24, mLowBatteryWarningLevel2 = 25, mshowLowChargingWarning2 = true
I/HtcPowerSaver( 278): currentStatus=8000, currentLevel=24, enableLevel=20, enable=false, popDialog=false, statusChangeTo=-1
I/HtcPowerSaver( 278): << updateStatus
D/PackageManager( 278): Failed to get PackageInfo!, pkg:com.htc.demoflorebooter, flags:1
D/StateMachine( 278): handleMessage: E msg.what=131155
D/StateMachine( 278): processMsg: ConnectedState
D/WifiStateMachine( 278): ConnectedState{ what=131155 when=-1ms arg1=3 }
D/WifiStateMachine( 278): fetchRssiAndLinkSpeedNative RSSI = -70
D/StateMachine( 278): handleMessage: X
I/HtcModeClient( 1018): handler message = 4011
E/HtcModeClient( 1018): Check connection and retry 12 times.
I/wpa_supplicant( 406): bgscan learn: Request a background scan
I/wpa_supplicant( 406): wpa_drv_scan: wpa_s->driver->scan2 = 0x64589
I/wpa_supplicant( 406): Scan requested (ret=0) - scan timeout 30 seconds
I/wpa_supplicant( 406): bgscan successful, set back to long interval:60
D/Tethering( 278): [isWifi] getHotspotEnabled: false
I/wpa_supplicant( 406): nl80211: New scan results available
I/wpa_supplicant( 406): wlan0: [HTC] wpa_supplicant_event():2211- Got an original EVENT_SCAN_RESULTS
I/wpa_supplicant( 406): Got an original EVENT_SCAN_RESULTS
I/wpa_supplicant( 406): [SupraWireless] e0:d1:73:50:45:c0 freq=5200 qual=0 noise=0 level=-64 flags=0x2b
D/StateMachine( 278): handleMessage: E msg.what=147461
D/StateMachine( 278): processMsg: ConnectedState
D/WifiStateMachine( 278): ConnectedState{ what=147461 when=0 }
D/StateMachine( 278): processMsg: ConnectModeState
D/WifiStateMachine( 278): ConnectModeState{ what=147461 when=0 }
I/wpa_supplicant( 406): selected BSS e0:d1:73:50:45:c0 ssid='SupraWireless'
I/wpa_supplicant( 406): Check WiFi offload status: wpa_s->vh_wifi_to_mobile:0 ,wpa_s->vh_user_connect:0
I/wpa_supplicant( 406): Considering within-ESS reassociation
I/wpa_supplicant( 406): Current BSS: e0:d1:73:50:45:c0 level=-64
I/wpa_supplicant( 406): Selected BSS: e0:d1:73:50:45:c0 level=-64
I/wpa_supplicant( 406): Skip roam - too small difference in signal level
D/StateMachine( 278): processMsg: DriverStartedState
D/WifiStateMachine( 278): DriverStartedState{ what=147461 when=-3ms }
D/StateMachine( 278): processMsg: SupplicantStartedState
D/WifiStateMachine( 278): SupplicantStartedState{ what=147461 when=-3ms }
D/StateMachine( 278): handleMessage: X
D/WirelessDisplayService( 278): Receive Wifi scan results available intent.
D/WirelessDisplayService( 278): HANDLE_WIFI_SCAN_RESULT_AVAILABLE, dongle scan = 0
D/WirelessDisplayService( 278): constructDongleInfoFromWifi() dongleScan = false
D/WirelessDisplayService( 278): Sending intent: MIRROR_DISPLAY_DONGLE_AVAILABLE_ACTION
D/WirelessDisplayService( 278): getDiscoveryDongleList
D/StateMachine( 278): handleMessage: E msg.what=131155
D/StateMachine( 278): processMsg: ConnectedState
D/WifiStateMachine( 278): ConnectedState{ what=131155 when=-1ms arg1=3 }
D/WifiStateMachine( 278): fetchRssiAndLinkSpeedNative RSSI = -70
D/StateMachine( 278): handleMessage: X
D/StateMachine( 278): handleMessage: E msg.what=131155
D/StateMachine( 278): processMsg: ConnectedState
D/WifiStateMachine( 278): ConnectedState{ what=131155 when=-2ms arg1=3 }
D/WifiStateMachine( 278): fetchRssiAndLinkSpeedNative RSSI = -72
D/WifiStateMachine( 278): fetchRssiAndLinkSpeedNative send RSSIChange intent, newSignalLevel =2mLastSignalLevel = 3
D/StateMachine( 278): handleMessage: X
I/HtcModeClient( 1018): handler message = 4011
E/HtcModeClient( 1018): Check connection and retry 12 times. Stop service and kill this process.
D/HtcModeClient( 1018): setEject: MEDIA_EJECT_STATE = true
D/HtcModeClient( 1018): connectState: CONNECTION_READY = false
D/SilentMusic( 1018): call stop
D/HtcModeClient( 1018): close connection
W/HtcModeClient( 1018): leaveProjectMode: It does not enter ProjectMode
D/CANDaemon( 156): [CAND] [handle_request] REQ_TERMINATE
W/CANMesgAgent( 1018): read the terminate packet, so break
D/CANDaemon( 156): [CAND] [handle_request] a request is receive nread = 0,remove link fd = 11
D/CANDaemon( 156): [CAND] [handle_request] a request is receive nread = 0,remove link fd = 12
D/HtcProjectService( 1018): call create
E/NotificationService( 278): Ignoring notification with icon==0: Notification(contentView=null vibrate=null,sound=nullnull,defaults=0x0,flags=0x62)
D/HtcProjectService( 1018): start service: action = com.htc.autobot.HtcProjectService
D/StateMachine( 278): handleMessage: E msg.what=131155
D/StateMachine( 278): processMsg: ConnectedState
D/WifiStateMachine( 278): ConnectedState{ what=131155 when=-5ms arg1=3 }
D/WifiStateMachine( 278): fetchRssiAndLinkSpeedNative RSSI = -71
D/WifiStateMachine( 278): fetchRssiAndLinkSpeedNative send RSSIChange intent, SameSignalLevelCount =1
D/StateMachine( 278): handleMessage: X
D/AutoSetting( 956): service - handleMessage() incoming message, what:50
D/AutoSetting( 956): service - handleMessage() stop self
D/AutoSetting( 956): service - stop self, saving info!
D/AutoSetting( 956): service - stop self, saving info! Done
D/AutoSetting( 956): service - onDestroy()
D/AutoSetting( 956): service - onDestroy() END
D/AutoSetting( 956): service - handleMessage() incoming message, what:100
D/AutoSetting( 956): service - handleMessage() quit looper
D/StateMachine( 278): handleMessage: E msg.what=131155
D/StateMachine( 278): processMsg: ConnectedState
D/WifiStateMachine( 278): ConnectedState{ what=131155 when=-4ms arg1=3 }
D/WifiStateMachine( 278): fetchRssiAndLinkSpeedNative RSSI = -69
D/WifiStateMachine( 278): fetchRssiAndLinkSpeedNative send RSSIChange intent, newSignalLevel =3mLastSignalLevel = 2
D/StateMachine( 278): handleMessage: X
D/StateMachine( 278): handleMessage: E msg.what=131155
D/StateMachine( 278): processMsg: ConnectedState
D/WifiStateMachine( 278): ConnectedState{ what=131155 when=-4ms arg1=3 }
D/WifiStateMachine( 278): fetchRssiAndLinkSpeedNative RSSI = -68
D/WifiStateMachine( 278): fetchRssiAndLinkSpeedNative send RSSIChange intent, SameSignalLevelCount =1
D/StateMachine( 278): handleMessage: X
I/PowerManagerService-JNI( 278): [Stability] PowerManagerService_userActivity JNI pass power key event to PowerManagerService userActivity()
D/dalvikvm( 4983): Trying to load lib /data/data/com.gst_sdk_tutorials.tutorial_3/lib/libgstreamer_android.so 0x40d57668
D/StateMachine( 278): handleMessage: E msg.what=131155
D/StateMachine( 278): processMsg: ConnectedState
D/WifiStateMachine( 278): ConnectedState{ what=131155 when=-5ms arg1=3 }
D/WifiStateMachine( 278): fetchRssiAndLinkSpeedNative RSSI = -70
D/WifiStateMachine( 278): fetchRssiAndLinkSpeedNative send RSSIChange intent, SameSignalLevelCount =2
D/StateMachine( 278): handleMessage: X
D/StateMachine( 278): handleMessage: E msg.what=131155
D/StateMachine( 278): processMsg: ConnectedState
D/WifiStateMachine( 278): ConnectedState{ what=131155 when=-13ms arg1=3 }
D/WifiStateMachine( 278): fetchRssiAndLinkSpeedNative RSSI = -69
D/StateMachine( 278): handleMessage: X
D/dalvikvm( 683): GC_EXPLICIT freed 477K, 20% free 4302K/5347K, paused 18ms+3ms
D/SqliteDatabaseCpp( 3947): DB info: open db, path = /data/data/com.google.android.gms/databases , key = ckkcle[YjYlqtagw, flag = 6, file size = 5120
D/SqliteDatabaseCpp( 3947): DB info: path = /data/data/com.google.android.gms/databases , key = ckkcle[YjYlqtagw, handle: 0xfce0c8, type: w, r/w: (0,1), mode: delete, disk free size: 1611 M
D/Process ( 278): killProcessQuiet, pid=5262
D/Process ( 278): dalvik.system.VMStack.getThreadStackTrace(Native Method)
D/Process ( 278): java.lang.Thread.getStackTrace(Thread.java:599)
D/Process ( 278): android.os.Process.killProcessQuiet(Process.java:837)
D/Process ( 278): com.android.server.am.ActivityManagerService.updateOomAdjLocked(ActivityManagerService.java:15735)
D/Process ( 278): com.android.server.am.ActivityManagerService.updateOomAdjLocked(ActivityManagerService.java:15632)
D/Process ( 278): com.android.server.am.ActivityManagerService.serviceDoneExecutingLocked(ActivityManagerService.java:12794)
I/ActivityManager( 278): No longer want com.htc.idlescreen.base (pid 5262): hidden #16, adj=15
D/Process ( 278): com.android.server.am.ActivityManagerService.serviceDoneExecuting(ActivityManagerService.java:12764)
D/Process ( 278): android.app.ActivityManagerNative.onTransact(ActivityManagerNative.java:723)
D/Process ( 278): com.android.server.am.ActivityManagerService.onTransact(ActivityManagerService.java:1751)
D/Process ( 278): android.os.Binder.execTransact(Binder.java:338)
D/Process ( 278): dalvik.system.NativeStart.run(Native Method)
D/SqliteDatabaseCpp( 3947): DB info: close db, path = /data/data/com.google.android.gms/databases , key = ckkcle[YjYlqtagw, handle = 0xfce0c8, type = w, r/w = (0, 0)
D/StateMachine( 278): handleMessage: E msg.what=131155
D/StateMachine( 278): processMsg: ConnectedState
D/WifiStateMachine( 278): ConnectedState{ what=131155 when=-6ms arg1=3 }
D/WifiStateMachine( 278): fetchRssiAndLinkSpeedNative RSSI = -69
D/StateMachine( 278): handleMessage: X
D/Messaging( 5402): ViewCache CreatePreloadOnlyConversationList
D/GestureDetector( 5402): Change mBiggerTouchSlopSquare from 400 to 729
D/ContactMessageStore( 571): MSG_NOTIFY_CS_TO_SYNC >>
D/ContactMessageStore( 571): MSG_NOTIFY_CS_TO_SYNC <<
D/dalvikvm( 5402): GC_CONCURRENT freed 1060K, 25% free 3612K/4771K, paused 2ms+1ms
D/Jerry ( 5402): start to preload cursor >>>>>>>
D/Messaging( 5402): ViewCache CreatePreload
D/GestureDetector( 5402): Change mBiggerTouchSlopSquare from 400 to 729
D/Jerry ( 5402): get AnimationManager instance
W/webview ( 5402): java.lang.Throwable: Warning: A WebView method was called on thread 'PreLoadView'. All WebView methods must be called on the UI thread. Future versions of WebView may not support use on other threads.
W/webview ( 5402): at android.webkit.WebView.checkThread(WebView.java:11612)
W/webview ( 5402): at android.webkit.WebView.findAddress(WebView.java:4043)
W/webview ( 5402): at android.text.util.Linkify.gatherMapLinks(Linkify.java:525)
W/webview ( 5402): at android.text.util.Linkify.addLinks(Linkify.java:285)
W/webview ( 5402): at android.widget.TextView.setText(TextView.java:3391)
W/webview ( 5402): at android.widget.TextView.setText(TextView.java:3308)
W/webview ( 5402): at android.widget.TextView.(TextView.java:1176)
W/webview ( 5402): at android.widget.TextView.(TextView.java:494)
W/webview ( 5402): at java.lang.reflect.Constructor.constructNative(Native Method)
W/webview ( 5402): at java.lang.reflect.Constructor.newInstance(Constructor.java:417)
W/webview ( 5402): at android.view.LayoutInflater.createView(LayoutInflater.java:586)
W/webview ( 5402): at com.android.internal.policy.impl.PhoneLayoutInflater.onCreateView(PhoneLayoutInflater.java:56)
W/webview ( 5402): at android.view.LayoutInflater.onCreateView(LayoutInflater.java:653)
W/webview ( 5402): at android.view.LayoutInflater.createViewFromTag(LayoutInflater.java:678)
W/webview ( 5402): at android.view.LayoutInflater.rInflate(LayoutInflater.java:739)
W/webview ( 5402): at android.view.LayoutInflater.rInflate(LayoutInflater.java:742)
W/webview ( 5402): at android.view.LayoutInflater.rInflate(LayoutInflater.java:742)
W/webview ( 5402): at android.view.LayoutInflater.rInflate(LayoutInflater.java:742)
W/webview ( 5402): at android.view.LayoutInflater.parseInclude(LayoutInflater.java:798)
W/webview ( 5402): at android.view.LayoutInflater.rInflate(LayoutInflater.java:729)
W/webview ( 5402): at android.view.LayoutInflater.inflate(LayoutInflater.java:489)
W/webview ( 5402): at android.view.LayoutInflater.inflate(LayoutInflater.java:396)
W/webview ( 5402): at com.android.mms.util.ViewCache.preload(ViewCache.java:124)
W/webview ( 5402): at com.android.mms.util.ViewCache.CreatePreload(ViewCache.java:102)
W/webview ( 5402): at com.android.mms.MmsApp$3.run(MmsApp.java:1513)
W/webview ( 5402): at java.lang.Thread.run(Thread.java:864)
W/webview ( 5402): java.lang.Throwable: Warning: A WebView method was called on thread 'PreLoadView'. All WebView methods must be called on the UI thread. Future versions of WebView may not support use on other threads.
W/webview ( 5402): at android.webkit.WebView.checkThread(WebView.java:11612)
W/webview ( 5402): at android.webkit.WebView.findAddress(WebView.java:4043)
W/webview ( 5402): at android.text.util.Linkify.gatherMapLinks(Linkify.java:525)
W/webview ( 5402): at android.text.util.Linkify.addLinks(Linkify.java:285)
W/webview ( 5402): at android.widget.TextView.setText(TextView.java:3391)
W/webview ( 5402): at android.widget.TextView.setText(TextView.java:3308)
W/webview ( 5402): at android.widget.TextView.setText(TextView.java:3283)
W/webview ( 5402): at android.widget.TextView.setTransformationMethod(TextView.java:1564)
W/webview ( 5402): at com.android.mms.view.impl.TextMessageViewImpl.onFinishInflate(TextMessageViewImpl.java:158)
W/webview ( 5402): at android.view.LayoutInflater.rInflate(LayoutInflater.java:747)
W/webview ( 5402): at android.view.LayoutInflater.inflate(LayoutInflater.java:489)
W/webview ( 5402): at android.view.LayoutInflater.inflate(LayoutInflater.java:396)
W/webview ( 5402): at com.android.mms.util.ViewCache.preload(ViewCache.java:124)
W/webview ( 5402): at com.android.mms.util.ViewCache.CreatePreload(ViewCache.java:102)
W/webview ( 5402): at com.android.mms.MmsApp$3.run(MmsApp.java:1513)
W/webview ( 5402): at java.lang.Thread.run(Thread.java:864)
W/webview ( 5402): java.lang.Throwable: Warning: A WebView method was called on thread 'PreLoadView'. All WebView methods must be called on the UI thread. Future versions of WebView may not support use on other threads.
W/webview ( 5402): at android.webkit.WebView.checkThread(WebView.java:11612)
W/webview ( 5402): at android.webkit.WebView.findAddress(WebView.java:4043)
W/webview ( 5402): at android.text.util.Linkify.gatherMapLinks(Linkify.java:525)
W/webview ( 5402): at android.text.util.Linkify.addLinks(Linkify.java:285)
W/webview ( 5402): at android.widget.TextView.setText(TextView.java:3391)
W/webview ( 5402): at android.widget.TextView.setText(TextView.java:3308)
W/webview ( 5402): at android.widget.TextView.setText(TextView.java:3283)
W/webview ( 5402): at android.widget.TextView.setMovementMethod(TextView.java:1502)
W/webview ( 5402): at com.android.mms.view.impl.TextMessageViewImpl.onFinishInflate(TextMessageViewImpl.java:166)
W/webview ( 5402): at android.view.LayoutInflater.rInflate(LayoutInflater.java:747)
W/webview ( 5402): at android.view.LayoutInflater.inflate(LayoutInflater.java:489)
W/webview ( 5402): at android.view.LayoutInflater.inflate(LayoutInflater.java:396)
W/webview ( 5402): at com.android.mms.util.ViewCache.preload(ViewCache.java:124)
W/webview ( 5402): at com.android.mms.util.ViewCache.CreatePreload(ViewCache.java:102)
W/webview ( 5402): at com.android.mms.MmsApp$3.run(MmsApp.java:1513)
W/webview ( 5402): at java.lang.Thread.run(Thread.java:864)
W/webview ( 5402): java.lang.Throwable: Warning: A WebView method was called on thread 'PreLoadView'. All WebView methods must be called on the UI thread. Future versions of WebView may not support use on other threads.
W/webview ( 5402): at android.webkit.WebView.checkThread(WebView.java:11612)
W/webview ( 5402): at android.webkit.WebView.findAddress(WebView.java:4043)
W/webview ( 5402): at android.text.util.Linkify.gatherMapLinks(Linkify.java:525)
W/webview ( 5402): at android.text.util.Linkify.addLinks(Linkify.java:285)
W/webview ( 5402): at android.widget.TextView.setText(TextView.java:3391)
W/webview ( 5402): at android.widget.TextView.setText(TextView.java:3308)
W/webview ( 5402): at android.widget.TextView.(TextView.java:1176)
W/webview ( 5402): at android.widget.TextView.(TextView.java:494)
W/webview ( 5402): at java.lang.reflect.Constructor.constructNative(Native Method)
W/webview ( 5402): at java.lang.reflect.Constructor.newInstance(Constructor.java:417)
W/webview ( 5402): at android.view.LayoutInflater.createView(LayoutInflater.java:586)
W/webview ( 5402): at com.android.internal.policy.impl.PhoneLayoutInflater.onCreateView(PhoneLayoutInflater.java:56)
W/webview ( 5402): at android.view.LayoutInflater.onCreateView(LayoutInflater.java:653)
W/webview ( 5402): at android.view.LayoutInflater.createViewFromTag(LayoutInflater.java:678)
W/webview ( 5402): at android.view.LayoutInflater.rInflate(LayoutInflater.java:739)
W/webview ( 5402): at android.view.LayoutInflater.rInflate(LayoutInflater.java:742)
W/webview ( 5402): at android.view.LayoutInflater.rInflate(LayoutInflater.java:742)
W/webview ( 5402): at android.view.LayoutInflater.rInflate(LayoutInflater.java:742)
W/webview ( 5402): at android.view.LayoutInflater.parseInclude(LayoutInflater.java:798)
W/webview ( 5402): at android.view.LayoutInflater.rInflate(LayoutInflater.java:729)
W/webview ( 5402): at android.view.LayoutInflater.inflate(LayoutInflater.java:489)
W/webview ( 5402): at android.view.LayoutInflater.inflate(LayoutInflater.java:396)
W/webview ( 5402): at com.android.mms.util.ViewCache.preload(ViewCache.java:124)
W/webview ( 5402): at com.android.mms.util.ViewCache.CreatePreload(ViewCache.java:102)
W/webview ( 5402): at com.android.mms.MmsApp$3.run(MmsApp.java:1513)
W/webview ( 5402): at java.lang.Thread.run(Thread.java:864)
W/webview ( 5402): java.lang.Throwable: Warning: A WebView method was called on thread 'PreLoadView'. All WebView methods must be called on the UI thread. Future versions of WebView may not support use on other threads.
W/webview ( 5402): at android.webkit.WebView.checkThread(WebView.java:11612)
W/webview ( 5402): at android.webkit.WebView.findAddress(WebView.java:4043)
W/webview ( 5402): at android.text.util.Linkify.gatherMapLinks(Linkify.java:525)
W/webview ( 5402): at android.text.util.Linkify.addLinks(Linkify.java:285)
W/webview ( 5402): at android.widget.TextView.setText(TextView.java:3391)
W/webview ( 5402): at android.widget.TextView.setText(TextView.java:3308)
W/webview ( 5402): at android.widget.TextView.setText(TextView.java:3283)
W/webview ( 5402): at android.widget.TextView.setTransformationMethod(TextView.java:1564)
W/webview ( 5402): at com.android.mms.view.impl.TextMessageViewImpl.onFinishInflate(TextMessageViewImpl.java:158)
W/webview ( 5402): at android.view.LayoutInflater.rInflate(LayoutInflater.java:747)
W/webview ( 5402): at android.view.LayoutInflater.inflate(LayoutInflater.java:489)
W/webview ( 5402): at android.view.LayoutInflater.inflate(LayoutInflater.java:396)
W/webview ( 5402): at com.android.mms.util.ViewCache.preload(ViewCache.java:124)
W/webview ( 5402): at com.android.mms.util.ViewCache.CreatePreload(ViewCache.java:102)
W/webview ( 5402): at com.android.mms.MmsApp$3.run(MmsApp.java:1513)
W/webview ( 5402): at java.lang.Thread.run(Thread.java:864)
W/webview ( 5402): java.lang.Throwable: Warning: A WebView method was called on thread 'PreLoadView'. All WebView methods must be called on the UI thread. Future versions of WebView may not support use on other threads.
W/webview ( 5402): at android.webkit.WebView.checkThread(WebView.java:11612)
W/webview ( 5402): at android.webkit.WebView.findAddress(WebView.java:4043)
W/webview ( 5402): at android.text.util.Linkify.gatherMapLinks(Linkify.java:525)
W/webview ( 5402): at android.text.util.Linkify.addLinks(Linkify.java:285)
W/webview ( 5402): at android.widget.TextView.setText(TextView.java:3391)
W/webview ( 5402): at android.widget.TextView.setText(TextView.java:3308)
W/webview ( 5402): at android.widget.TextView.setText(TextView.java:3283)
W/webview ( 5402): at android.widget.TextView.setMovementMethod(TextView.java:1502)
W/webview ( 5402): at com.android.mms.view.impl.TextMessageViewImpl.onFinishInflate(TextMessageViewImpl.java:166)
W/webview ( 5402): at android.view.LayoutInflater.rInflate(LayoutInflater.java:747)
W/webview ( 5402): at android.view.LayoutInflater.inflate(LayoutInflater.java:489)
W/webview ( 5402): at android.view.LayoutInflater.inflate(LayoutInflater.java:396)
W/webview ( 5402): at com.android.mms.util.ViewCache.preload(ViewCache.java:124)
W/webview ( 5402): at com.android.mms.util.ViewCache.CreatePreload(ViewCache.java:102)
W/webview ( 5402): at com.android.mms.MmsApp$3.run(MmsApp.java:1513)
W/webview ( 5402): at java.lang.Thread.run(Thread.java:864)
W/webview ( 5402): java.lang.Throwable: Warning: A WebView method was called on thread 'PreLoadView'. All WebView methods must be called on the UI thread. Future versions of WebView may not support use on other threads.
W/webview ( 5402): at android.webkit.WebView.checkThread(WebView.java:11612)
W/webview ( 5402): at android.webkit.WebView.findAddress(WebView.java:4043)
W/webview ( 5402): at android.text.util.Linkify.gatherMapLinks(Linkify.java:525)
W/webview ( 5402): at android.text.util.Linkify.addLinks(Linkify.java:285)
W/webview ( 5402): at android.widget.TextView.setText(TextView.java:3391)
W/webview ( 5402): at android.widget.TextView.setText(TextView.java:3308)
W/webview ( 5402): at android.widget.TextView.(TextView.java:1176)
W/webview ( 5402): at android.widget.TextView.(TextView.java:494)
W/webview ( 5402): at java.lang.reflect.Constructor.constructNative(Native Method)
W/webview ( 5402): at java.lang.reflect.Constructor.newInstance(Constructor.java:417)
W/webview ( 5402): at android.view.LayoutInflater.createView(LayoutInflater.java:586)
W/webview ( 5402): at com.android.internal.policy.impl.PhoneLayoutInflater.onCreateView(PhoneLayoutInflater.java:56)
W/webview ( 5402): at android.view.LayoutInflater.onCreateView(LayoutInflater.java:653)
W/webview ( 5402): at android.view.LayoutInflater.createViewFromTag(LayoutInflater.java:678)
W/webview ( 5402): at android.view.LayoutInflater.rInflate(LayoutInflater.java:739)
W/webview ( 5402): at android.view.LayoutInflater.rInflate(LayoutInflater.java:742)
W/webview ( 5402): at android.view.LayoutInflater.rInflate(LayoutInflater.java:742)
W/webview ( 5402): at android.view.LayoutInflater.rInflate(LayoutInflater.java:742)
W/webview ( 5402): at android.view.LayoutInflater.parseInclude(LayoutInflater.java:798)
W/webview ( 5402): at android.view.LayoutInflater.rInflate(LayoutInflater.java:729)
W/webview ( 5402): at android.view.LayoutInflater.inflate(LayoutInflater.java:489)
W/webview ( 5402): at android.view.LayoutInflater.inflate(LayoutInflater.java:396)
W/webview ( 5402): at com.android.mms.util.ViewCache.preload(ViewCache.java:124)
W/webview ( 5402): at com.android.mms.util.ViewCache.CreatePreload(ViewCache.java:102)
W/webview ( 5402): at com.android.mms.MmsApp$3.run(MmsApp.java:1513)
W/webview ( 5402): at java.lang.Thread.run(Thread.java:864)
W/webview ( 5402): java.lang.Throwable: Warning: A WebView method was called on thread 'PreLoadView'. All WebView methods must be called on the UI thread. Future versions of WebView may not support use on other threads.
W/webview ( 5402): at android.webkit.WebView.checkThread(WebView.java:11612)
W/webview ( 5402): at android.webkit.WebView.findAddress(WebView.java:4043)
W/webview ( 5402): at android.text.util.Linkify.gatherMapLinks(Linkify.java:525)
W/webview ( 5402): at android.text.util.Linkify.addLinks(Linkify.java:285)
W/webview ( 5402): at android.widget.TextView.setText(TextView.java:3391)
W/webview ( 5402): at android.widget.TextView.setText(TextView.java:3308)
W/webview ( 5402): at android.widget.TextView.setText(TextView.java:3283)
W/webview ( 5402): at android.widget.TextView.setTransformationMethod(TextView.java:1564)
W/webview ( 5402): at com.android.mms.view.impl.TextMessageViewImpl.onFinishInflate(TextMessageViewImpl.java:158)
W/webview ( 5402): at android.view.LayoutInflater.rInflate(LayoutInflater.java:747)
W/webview ( 5402): at android.view.LayoutInflater.inflate(LayoutInflater.java:489)
W/webview ( 5402): at android.view.LayoutInflater.inflate(LayoutInflater.java:396)
W/webview ( 5402): at com.android.mms.util.ViewCache.preload(ViewCache.java:124)
W/webview ( 5402): at com.android.mms.util.ViewCache.CreatePreload(ViewCache.java:102)
W/webview ( 5402): at com.android.mms.MmsApp$3.run(MmsApp.java:1513)
W/webview ( 5402): at java.lang.Thread.run(Thread.java:864)
W/webview ( 5402): java.lang.Throwable: Warning: A WebView method was called on thread 'PreLoadView'. All WebView methods must be called on the UI thread. Future versions of WebView may not support use on other threads.
W/webview ( 5402): at android.webkit.WebView.checkThread(WebView.java:11612)
W/webview ( 5402): at android.webkit.WebView.findAddress(WebView.java:4043)
W/webview ( 5402): at android.text.util.Linkify.gatherMapLinks(Linkify.java:525)
W/webview ( 5402): at android.text.util.Linkify.addLinks(Linkify.java:285)
W/webview ( 5402): at android.widget.TextView.setText(TextView.java:3391)
W/webview ( 5402): at android.widget.TextView.setText(TextView.java:3308)
W/webview ( 5402): at android.widget.TextView.setText(TextView.java:3283)
W/webview ( 5402): at android.widget.TextView.setMovementMethod(TextView.java:1502)
W/webview ( 5402): at com.android.mms.view.impl.TextMessageViewImpl.onFinishInflate(TextMessageViewImpl.java:166)
W/webview ( 5402): at android.view.LayoutInflater.rInflate(LayoutInflater.java:747)
W/webview ( 5402): at android.view.LayoutInflater.inflate(LayoutInflater.java:489)
W/webview ( 5402): at android.view.LayoutInflater.inflate(LayoutInflater.java:396)
W/webview ( 5402): at com.android.mms.util.ViewCache.preload(ViewCache.java:124)
W/webview ( 5402): at com.android.mms.util.ViewCache.CreatePreload(ViewCache.java:102)
W/webview ( 5402): at com.android.mms.MmsApp$3.run(MmsApp.java:1513)
W/webview ( 5402): at java.lang.Thread.run(Thread.java:864)
W/webview ( 5402): java.lang.Throwable: Warning: A WebView method was called on thread 'PreLoadView'. All WebView methods must be called on the UI thread. Future versions of WebView may not support use on other threads.
W/webview ( 5402): at android.webkit.WebView.checkThread(WebView.java:11612)
W/webview ( 5402): at android.webkit.WebView.findAddress(WebView.java:4043)
W/webview ( 5402): at android.text.util.Linkify.gatherMapLinks(Linkify.java:525)
W/webview ( 5402): at android.text.util.Linkify.addLinks(Linkify.java:285)
W/webview ( 5402): at android.widget.TextView.setText(TextView.java:3391)
W/webview ( 5402): at android.widget.TextView.setText(TextView.java:3308)
W/webview ( 5402): at android.widget.TextView.(TextView.java:1176)
W/webview ( 5402): at android.widget.TextView.(TextView.java:494)
W/webview ( 5402): at java.lang.reflect.Constructor.constructNative(Native Method)
W/webview ( 5402): at java.lang.reflect.Constructor.newInstance(Constructor.java:417)
W/webview ( 5402): at android.view.LayoutInflater.createView(LayoutInflater.java:586)
W/webview ( 5402): at com.android.internal.policy.impl.PhoneLayoutInflater.onCreateView(PhoneLayoutInflater.java:56)
W/webview ( 5402): at android.view.LayoutInflater.onCreateView(LayoutInflater.java:653)
W/webview ( 5402): at android.view.LayoutInflater.createViewFromTag(LayoutInflater.java:678)
W/webview ( 5402): at android.view.LayoutInflater.rInflate(LayoutInflater.java:739)
W/webview ( 5402): at android.view.LayoutInflater.rInflate(LayoutInflater.java:742)
W/webview ( 5402): at android.view.LayoutInflater.rInflate(LayoutInflater.java:742)
W/webview ( 5402): at android.view.LayoutInflater.rInflate(LayoutInflater.java:742)
W/webview ( 5402): at android.view.LayoutInflater.parseInclude(LayoutInflater.java:798)
W/webview ( 5402): at android.view.LayoutInflater.rInflate(LayoutInflater.java:729)
W/webview ( 5402): at android.view.LayoutInflater.inflate(LayoutInflater.java:489)
W/webview ( 5402): at android.view.LayoutInflater.inflate(LayoutInflater.java:396)
W/webview ( 5402): at com.android.mms.util.ViewCache.preload(ViewCache.java:124)
W/webview ( 5402): at com.android.mms.util.ViewCache.CreatePreload(ViewCache.java:102)
W/webview ( 5402): at com.android.mms.MmsApp$3.run(MmsApp.java:1513)
W/webview ( 5402): at java.lang.Thread.run(Thread.java:864)
W/webview ( 5402): java.lang.Throwable: Warning: A WebView method was called on thread 'PreLoadView'. All WebView methods must be called on the UI thread. Future versions of WebView may not support use on other threads.
W/webview ( 5402): at android.webkit.WebView.checkThread(WebView.java:11612)
W/webview ( 5402): at android.webkit.WebView.findAddress(WebView.java:4043)
W/webview ( 5402): at android.text.util.Linkify.gatherMapLinks(Linkify.java:525)
W/webview ( 5402): at android.text.util.Linkify.addLinks(Linkify.java:285)
W/webview ( 5402): at android.widget.TextView.setText(TextView.java:3391)
W/webview ( 5402): at android.widget.TextView.setText(TextView.java:3308)
W/webview ( 5402): at android.widget.TextView.setText(TextView.java:3283)
W/webview ( 5402): at android.widget.TextView.setTransformationMethod(TextView.java:1564)
W/webview ( 5402): at com.android.mms.view.impl.TextMessageViewImpl.onFinishInflate(TextMessageViewImpl.java:158)
W/webview ( 5402): at android.view.LayoutInflater.rInflate(LayoutInflater.java:747)
W/webview ( 5402): at android.view.LayoutInflater.inflate(LayoutInflater.java:489)
W/webview ( 5402): at android.view.LayoutInflater.inflate(LayoutInflater.java:396)
W/webview ( 5402): at com.android.mms.util.ViewCache.preload(ViewCache.java:124)
W/webview ( 5402): at com.android.mms.util.ViewCache.CreatePreload(ViewCache.java:102)
W/webview ( 5402): at com.android.mms.MmsApp$3.run(MmsApp.java:1513)
W/webview ( 5402): at java.lang.Thread.run(Thread.java:864)
W/webview ( 5402): java.lang.Throwable: Warning: A WebView method was called on thread 'PreLoadView'. All WebView methods must be called on the UI thread. Future versions of WebView may not support use on other threads.
W/webview ( 5402): at android.webkit.WebView.checkThread(WebView.java:11612)
W/webview ( 5402): at android.webkit.WebView.findAddress(WebView.java:4043)
W/webview ( 5402): at android.text.util.Linkify.gatherMapLinks(Linkify.java:525)
W/webview ( 5402): at android.text.util.Linkify.addLinks(Linkify.java:285)
W/webview ( 5402): at android.widget.TextView.setText(TextView.java:3391)
W/webview ( 5402): at android.widget.TextView.setText(TextView.java:3308)
W/webview ( 5402): at android.widget.TextView.setText(TextView.java:3283)
W/webview ( 5402): at android.widget.TextView.setMovementMethod(TextView.java:1502)
W/webview ( 5402): at com.android.mms.view.impl.TextMessageViewImpl.onFinishInflate(TextMessageViewImpl.java:166)
W/webview ( 5402): at android.view.LayoutInflater.rInflate(LayoutInflater.java:747)
W/webview ( 5402): at android.view.LayoutInflater.inflate(LayoutInflater.java:489)
W/webview ( 5402): at android.view.LayoutInflater.inflate(LayoutInflater.java:396)
W/webview ( 5402): at com.android.mms.util.ViewCache.preload(ViewCache.java:124)
W/webview ( 5402): at com.android.mms.util.ViewCache.CreatePreload(ViewCache.java:102)
W/webview ( 5402): at com.android.mms.MmsApp$3.run(MmsApp.java:1513)
W/webview ( 5402): at java.lang.Thread.run(Thread.java:864)
W/webview ( 5402): java.lang.Throwable: Warning: A WebView method was called on thread 'PreLoadView'. All WebView methods must be called on the UI thread. Future versions of WebView may not support use on other threads.
W/webview ( 5402): at android.webkit.WebView.checkThread(WebView.java:11612)
W/webview ( 5402): at android.webkit.WebView.findAddress(WebView.java:4043)
W/webview ( 5402): at android.text.util.Linkify.gatherMapLinks(Linkify.java:525)
W/webview ( 5402): at android.text.util.Linkify.addLinks(Linkify.java:285)
W/webview ( 5402): at android.widget.TextView.setText(TextView.java:3391)
W/webview ( 5402): at android.widget.TextView.setText(TextView.java:3308)
W/webview ( 5402): at android.widget.TextView.(TextView.java:1176)
W/webview ( 5402): at android.widget.TextView.(TextView.java:494)
W/webview ( 5402): at java.lang.reflect.Constructor.constructNative(Native Method)
W/webview ( 5402): at java.lang.reflect.Constructor.newInstance(Constructor.java:417)
W/webview ( 5402): at android.view.LayoutInflater.createView(LayoutInflater.java:586)
W/webview ( 5402): at com.android.internal.policy.impl.PhoneLayoutInflater.onCreateView(PhoneLayoutInflater.java:56)
W/webview ( 5402): at android.view.LayoutInflater.onCreateView(LayoutInflater.java:653)
W/webview ( 5402): at android.view.LayoutInflater.createViewFromTag(LayoutInflater.java:678)
W/webview ( 5402): at android.view.LayoutInflater.rInflate(LayoutInflater.java:739)
W/webview ( 5402): at android.view.LayoutInflater.rInflate(LayoutInflater.java:742)
W/webview ( 5402): at android.view.LayoutInflater.rInflate(LayoutInflater.java:742)
W/webview ( 5402): at android.view.LayoutInflater.rInflate(LayoutInflater.java:742)
W/webview ( 5402): at android.view.LayoutInflater.parseInclude(LayoutInflater.java:798)
W/webview ( 5402): at android.view.LayoutInflater.rInflate(LayoutInflater.java:729)
W/webview ( 5402): at android.view.LayoutInflater.inflate(LayoutInflater.java:489)
W/webview ( 5402): at android.view.LayoutInflater.inflate(LayoutInflater.java:396)
W/webview ( 5402): at com.android.mms.util.ViewCache.preload(ViewCache.java:124)
W/webview ( 5402): at com.android.mms.util.ViewCache.CreatePreload(ViewCache.java:102)
W/webview ( 5402): at com.android.mms.MmsApp$3.run(MmsApp.java:1513)
W/webview ( 5402): at java.lang.Thread.run(Thread.java:864)
W/webview ( 5402): java.lang.Throwable: Warning: A WebView method was called on thread 'PreLoadView'. All WebView methods must be called on the UI thread. Future versions of WebView may not support use on other threads.
W/webview ( 5402): at android.webkit.WebView.checkThread(WebView.java:11612)
W/webview ( 5402): at android.webkit.WebView.findAddress(WebView.java:4043)
W/webview ( 5402): at android.text.util.Linkify.gatherMapLinks(Linkify.java:525)
W/webview ( 5402): at android.text.util.Linkify.addLinks(Linkify.java:285)
W/webview ( 5402): at android.widget.TextView.setText(TextView.java:3391)
W/webview ( 5402): at android.widget.TextView.setText(TextView.java:3308)
W/webview ( 5402): at android.widget.TextView.setText(TextView.java:3283)
W/webview ( 5402): at android.widget.TextView.setTransformationMethod(TextView.java:1564)
W/webview ( 5402): at com.android.mms.view.impl.TextMessageViewImpl.onFinishInflate(TextMessageViewImpl.java:158)
W/webview ( 5402): at android.view.LayoutInflater.rInflate(LayoutInflater.java:747)
W/webview ( 5402): at android.view.LayoutInflater.inflate(LayoutInflater.java:489)
W/webview ( 5402): at android.view.LayoutInflater.inflate(LayoutInflater.java:396)
W/webview ( 5402): at com.android.mms.util.ViewCache.preload(ViewCache.java:124)
W/webview ( 5402): at com.android.mms.util.ViewCache.CreatePreload(ViewCache.java:102)
W/webview ( 5402): at com.android.mms.MmsApp$3.run(MmsApp.java:1513)
W/webview ( 5402): at java.lang.Thread.run(Thread.java:864)
W/webview ( 5402): java.lang.Throwable: Warning: A WebView method was called on thread 'PreLoadView'. All WebView methods must be called on the UI thread. Future versions of WebView may not support use on other threads.
W/webview ( 5402): at android.webkit.WebView.checkThread(WebView.java:11612)
W/webview ( 5402): at android.webkit.WebView.findAddress(WebView.java:4043)
W/webview ( 5402): at android.text.util.Linkify.gatherMapLinks(Linkify.java:525)
W/webview ( 5402): at android.text.util.Linkify.addLinks(Linkify.java:285)
W/webview ( 5402): at android.widget.TextView.setText(TextView.java:3391)
W/webview ( 5402): at android.widget.TextView.setText(TextView.java:3308)
W/webview ( 5402): at android.widget.TextView.setText(TextView.java:3283)
W/webview ( 5402): at android.widget.TextView.setMovementMethod(TextView.java:1502)
W/webview ( 5402): at com.android.mms.view.impl.TextMessageViewImpl.onFinishInflate(TextMessageViewImpl.java:166)
W/webview ( 5402): at android.view.LayoutInflater.rInflate(LayoutInflater.java:747)
W/webview ( 5402): at android.view.LayoutInflater.inflate(LayoutInflater.java:489)
W/webview ( 5402): at android.view.LayoutInflater.inflate(LayoutInflater.java:396)
W/webview ( 5402): at com.android.mms.util.ViewCache.preload(ViewCache.java:124)
W/webview ( 5402): at com.android.mms.util.ViewCache.CreatePreload(ViewCache.java:102)
W/webview ( 5402): at com.android.mms.MmsApp$3.run(MmsApp.java:1513)
W/webview ( 5402): at java.lang.Thread.run(Thread.java:864)
W/webview ( 5402): java.lang.Throwable: Warning: A WebView method was called on thread 'PreLoadView'. All WebView methods must be called on the UI thread. Future versions of WebView may not support use on other threads.
W/webview ( 5402): at android.webkit.WebView.checkThread(WebView.java:11612)
W/webview ( 5402): at android.webkit.WebView.findAddress(WebView.java:4043)
W/webview ( 5402): at android.text.util.Linkify.gatherMapLinks(Linkify.java:525)
W/webview ( 5402): at android.text.util.Linkify.addLinks(Linkify.java:285)
W/webview ( 5402): at android.widget.TextView.setText(TextView.java:3391)
W/webview ( 5402): at android.widget.TextView.setText(TextView.java:3308)
W/webview ( 5402): at android.widget.TextView.(TextView.java:1176)
W/webview ( 5402): at android.widget.TextView.(TextView.java:494)
W/webview ( 5402): at java.lang.reflect.Constructor.constructNative(Native Method)
W/webview ( 5402): at java.lang.reflect.Constructor.newInstance(Constructor.java:417)
W/webview ( 5402): at android.view.LayoutInflater.createView(LayoutInflater.java:586)
W/webview ( 5402): at com.android.internal.policy.impl.PhoneLayoutInflater.onCreateView(PhoneLayoutInflater.java:56)
W/webview ( 5402): at android.view.LayoutInflater.onCreateView(LayoutInflater.java:653)
W/webview ( 5402): at android.view.LayoutInflater.createViewFromTag(LayoutInflater.java:678)
W/webview ( 5402): at android.view.LayoutInflater.rInflate(LayoutInflater.java:739)
W/webview ( 5402): at android.view.LayoutInflater.rInflate(LayoutInflater.java:742)
W/webview ( 5402): at android.view.LayoutInflater.rInflate(LayoutInflater.java:742)
W/webview ( 5402): at android.view.LayoutInflater.rInflate(LayoutInflater.java:742)
W/webview ( 5402): at android.view.LayoutInflater.parseInclude(LayoutInflater.java:798)
W/webview ( 5402): at android.view.LayoutInflater.rInflate(LayoutInflater.java:729)
W/webview ( 5402): at android.view.LayoutInflater.inflate(LayoutInflater.java:489)
W/webview ( 5402): at android.view.LayoutInflater.inflate(LayoutInflater.java:396)
W/webview ( 5402): at com.android.mms.util.ViewCache.preload(ViewCache.java:124)
W/webview ( 5402): at com.android.mms.util.ViewCache.CreatePreload(ViewCache.java:102)
W/webview ( 5402): at com.android.mms.MmsApp$3.run(MmsApp.java:1513)
W/webview ( 5402): at java.lang.Thread.run(Thread.java:864)
W/webview ( 5402): java.lang.Throwable: Warning: A WebView method was called on thread 'PreLoadView'. All WebView methods must be called on the UI thread. Future versions of WebView may not support use on other threads.
W/webview ( 5402): at android.webkit.WebView.checkThread(WebView.java:11612)
W/webview ( 5402): at android.webkit.WebView.findAddress(WebView.java:4043)
W/webview ( 5402): at android.text.util.Linkify.gatherMapLinks(Linkify.java:525)
W/webview ( 5402): at android.text.util.Linkify.addLinks(Linkify.java:285)
W/webview ( 5402): at android.widget.TextView.setText(TextView.java:3391)
W/webview ( 5402): at android.widget.TextView.setText(TextView.java:3308)
W/webview ( 5402): at android.widget.TextView.setText(TextView.java:3283)
W/webview ( 5402): at android.widget.TextView.setTransformationMethod(TextView.java:1564)
W/webview ( 5402): at com.android.mms.view.impl.TextMessageViewImpl.onFinishInflate(TextMessageViewImpl.java:158)
W/webview ( 5402): at android.view.LayoutInflater.rInflate(LayoutInflater.java:747)
W/webview ( 5402): at android.view.LayoutInflater.inflate(LayoutInflater.java:489)
W/webview ( 5402): at android.view.LayoutInflater.inflate(LayoutInflater.java:396)
W/webview ( 5402): at com.android.mms.util.ViewCache.preload(ViewCache.java:124)
W/webview ( 5402): at com.android.mms.util.ViewCache.CreatePreload(ViewCache.java:102)
W/webview ( 5402): at com.android.mms.MmsApp$3.run(MmsApp.java:1513)
W/webview ( 5402): at java.lang.Thread.run(Thread.java:864)
W/webview ( 5402): java.lang.Throwable: Warning: A WebView method was called on thread 'PreLoadView'. All WebView methods must be called on the UI thread. Future versions of WebView may not support use on other threads.
W/webview ( 5402): at android.webkit.WebView.checkThread(WebView.java:11612)
W/webview ( 5402): at android.webkit.WebView.findAddress(WebView.java:4043)
W/webview ( 5402): at android.text.util.Linkify.gatherMapLinks(Linkify.java:525)
W/webview ( 5402): at android.text.util.Linkify.addLinks(Linkify.java:285)
W/webview ( 5402): at android.widget.TextView.setText(TextView.java:3391)
W/webview ( 5402): at android.widget.TextView.setText(TextView.java:3308)
W/webview ( 5402): at android.widget.TextView.setText(TextView.java:3283)
W/webview ( 5402): at android.widget.TextView.setMovementMethod(TextView.java:1502)
W/webview ( 5402): at com.android.mms.view.impl.TextMessageViewImpl.onFinishInflate(TextMessageViewImpl.java:166)
W/webview ( 5402): at android.view.LayoutInflater.rInflate(LayoutInflater.java:747)
W/webview ( 5402): at android.view.LayoutInflater.inflate(LayoutInflater.java:489)
W/webview ( 5402): at android.view.LayoutInflater.inflate(LayoutInflater.java:396)
W/webview ( 5402): at com.android.mms.util.ViewCache.preload(ViewCache.java:124)
W/webview ( 5402): at com.android.mms.util.ViewCache.CreatePreload(ViewCache.java:102)
W/webview ( 5402): at com.android.mms.MmsApp$3.run(MmsApp.java:1513)
W/webview ( 5402): at java.lang.Thread.run(Thread.java:864)
W/webview ( 5402): java.lang.Throwable: Warning: A WebView method was called on thread 'PreLoadView'. All WebView methods must be called on the UI thread. Future versions of WebView may not support use on other threads.
W/webview ( 5402): at android.webkit.WebView.checkThread(WebView.java:11612)
W/webview ( 5402): at android.webkit.WebView.findAddress(WebView.java:4043)
W/webview ( 5402): at android.text.util.Linkify.gatherMapLinks(Linkify.java:525)
W/webview ( 5402): at android.text.util.Linkify.addLinks(Linkify.java:285)
W/webview ( 5402): at android.widget.TextView.setText(TextView.java:3391)
W/webview ( 5402): at android.widget.TextView.setText(TextView.java:3308)
W/webview ( 5402): at android.widget.TextView.(TextView.java:1176)
W/webview ( 5402): at android.widget.TextView.(TextView.java:494)
W/webview ( 5402): at java.lang.reflect.Constructor.constructNative(Native Method)
W/webview ( 5402): at java.lang.reflect.Constructor.newInstance(Constructor.java:417)
W/webview ( 5402): at android.view.LayoutInflater.createView(LayoutInflater.java:586)
W/webview ( 5402): at com.android.internal.policy.impl.PhoneLayoutInflater.onCreateView(PhoneLayoutInflater.java:56)
W/webview ( 5402): at android.view.LayoutInflater.onCreateView(LayoutInflater.java:653)
W/webview ( 5402): at android.view.LayoutInflater.createViewFromTag(LayoutInflater.java:678)
W/webview ( 5402): at android.view.LayoutInflater.rInflate(LayoutInflater.java:739)
W/webview ( 5402): at android.view.LayoutInflater.rInflate(LayoutInflater.java:742)
W/webview ( 5402): at android.view.LayoutInflater.rInflate(LayoutInflater.java:742)
W/webview ( 5402): at android.view.LayoutInflater.rInflate(LayoutInflater.java:742)
W/webview ( 5402): at android.view.LayoutInflater.parseInclude(LayoutInflater.java:798)
W/webview ( 5402): at android.view.LayoutInflater.rInflate(LayoutInflater.java:729)
W/webview ( 5402): at android.view.LayoutInflater.inflate(LayoutInflater.java:489)
W/webview ( 5402): at android.view.LayoutInflater.inflate(LayoutInflater.java:396)
W/webview ( 5402): at com.android.mms.util.ViewCache.preload(ViewCache.java:124)
W/webview ( 5402): at com.android.mms.util.ViewCache.CreatePreload(ViewCache.java:102)
W/webview ( 5402): at com.android.mms.MmsApp$3.run(MmsApp.java:1513)
W/webview ( 5402): at java.lang.Thread.run(Thread.java:864)
D/dalvikvm( 5402): GC_CONCURRENT freed 1491K, 29% free 4013K/5603K, paused 1ms+2ms
W/webview ( 5402): java.lang.Throwable: Warning: A WebView method was called on thread 'PreLoadView'. All WebView methods must be called on the UI thread. Future versions of WebView may not support use on other threads.
W/webview ( 5402): at android.webkit.WebView.checkThread(WebView.java:11612)
W/webview ( 5402): at android.webkit.WebView.findAddress(WebView.java:4043)
W/webview ( 5402): at android.text.util.Linkify.gatherMapLinks(Linkify.java:525)
W/webview ( 5402): at android.text.util.Linkify.addLinks(Linkify.java:285)
W/webview ( 5402): at android.widget.TextView.setText(TextView.java:3391)
W/webview ( 5402): at android.widget.TextView.setText(TextView.java:3308)
W/webview ( 5402): at android.widget.TextView.setText(TextView.java:3283)
W/webview ( 5402): at android.widget.TextView.setTransformationMethod(TextView.java:1564)
W/webview ( 5402): at com.android.mms.view.impl.TextMessageViewImpl.onFinishInflate(TextMessageViewImpl.java:158)
W/webview ( 5402): at android.view.LayoutInflater.rInflate(LayoutInflater.java:747)
W/webview ( 5402): at android.view.LayoutInflater.inflate(LayoutInflater.java:489)
W/webview ( 5402): at android.view.LayoutInflater.inflate(LayoutInflater.java:396)
W/webview ( 5402): at com.android.mms.util.ViewCache.preload(ViewCache.java:124)
W/webview ( 5402): at com.android.mms.util.ViewCache.CreatePreload(ViewCache.java:102)
W/webview ( 5402): at com.android.mms.MmsApp$3.run(MmsApp.java:1513)
W/webview ( 5402): at java.lang.Thread.run(Thread.java:864)
W/webview ( 5402): java.lang.Throwable: Warning: A WebView method was called on thread 'PreLoadView'. All WebView methods must be called on the UI thread. Future versions of WebView may not support use on other threads.
W/webview ( 5402): at android.webkit.WebView.checkThread(WebView.java:11612)
W/webview ( 5402): at android.webkit.WebView.findAddress(WebView.java:4043)
W/webview ( 5402): at android.text.util.Linkify.gatherMapLinks(Linkify.java:525)
W/webview ( 5402): at android.text.util.Linkify.addLinks(Linkify.java:285)
W/webview ( 5402): at android.widget.TextView.setText(TextView.java:3391)
W/webview ( 5402): at android.widget.TextView.setText(TextView.java:3308)
W/webview ( 5402): at android.widget.TextView.setText(TextView.java:3283)
W/webview ( 5402): at android.widget.TextView.setMovementMethod(TextView.java:1502)
W/webview ( 5402): at com.android.mms.view.impl.TextMessageViewImpl.onFinishInflate(TextMessageViewImpl.java:166)
W/webview ( 5402): at android.view.LayoutInflater.rInflate(LayoutInflater.java:747)
W/webview ( 5402): at android.view.LayoutInflater.inflate(LayoutInflater.java:489)
W/webview ( 5402): at android.view.LayoutInflater.inflate(LayoutInflater.java:396)
W/webview ( 5402): at com.android.mms.util.ViewCache.preload(ViewCache.java:124)
W/webview ( 5402): at com.android.mms.util.ViewCache.CreatePreload(ViewCache.java:102)
W/webview ( 5402): at com.android.mms.MmsApp$3.run(MmsApp.java:1513)
W/webview ( 5402): at java.lang.Thread.run(Thread.java:864)
D/StateMachine( 278): handleMessage: E msg.what=131155
D/StateMachine( 278): processMsg: ConnectedState
D/WifiStateMachine( 278): ConnectedState{ what=131155 when=-4ms arg1=3 }
D/WifiStateMachine( 278): fetchRssiAndLinkSpeedNative RSSI = -68
D/StateMachine( 278): handleMessage: X
D/BatteryService( 278): UEvent updateBatteryStats
D/HtcPowerSaver( 278): Recived battery changed intent.
D/HtcPowerSaver( 278): Checking...
I/HtcPowerSaver( 278): >> updateStatus
D/PowerManagerService( 278): runHtcPowerSaverCheck ======================================
I/HtcPowerSaver( 278): currentStatus=8000, currentLevel=24, enableLevel=20, enable=false, popDialog=false, statusChangeTo=-1
I/HtcPowerSaver( 278): << updateStatus
D/UsbnetService( 278): BroadcastReceiver::onReceive+
D/UsbnetService( 278): onReceive BATTERY_CHANGED
D/UsbnetService( 278): --> pluggedType = 2, mPluggedType = 0, mScreenOff = false
D/UsbnetService( 278): BroadcastReceiver::onReceive-
D/PackageManager( 278): Failed to get PackageInfo!, pkg:com.htc.demoflorebooter, flags:1
D/StatusBar.BatteryController( 491): updateBattery level=24 icon=17302788 status=2
D/PowerUI ( 491): closing low battery warning: level=24
D/PowerUI ( 491): plugged = true, health = 2, mBatteryLevel = 24, mPluggedBatteryLevel = 24, mLowBatteryWarningLevel2 = 25, mshowLowChargingWarning2 = true
D/WifiService( 278): ACTION_BATTERY_CHANGED pluggedType: 2
D/NotificationService( 278): mIntentReceiver() Intent.ACTION_BATTERY_CHANGED
D/StateMachine( 278): handleMessage: E msg.what=131155
D/StateMachine( 278): processMsg: ConnectedState
D/WifiStateMachine( 278): ConnectedState{ what=131155 when=-9ms arg1=3 }
D/WifiStateMachine( 278): fetchRssiAndLinkSpeedNative RSSI = -71
D/WifiStateMachine( 278): fetchRssiAndLinkSpeedNative send RSSIChange intent, newSignalLevel =2mLastSignalLevel = 3
D/StateMachine( 278): handleMessage: X
D/StateMachine( 278): handleMessage: E msg.what=131155
